{"id":23,"date":"2023-12-29T15:29:48","date_gmt":"2023-12-29T15:29:48","guid":{"rendered":"https:\/\/web4.rkinformatika.net\/hizerstudio\/?page_id=23"},"modified":"2024-01-03T10:51:43","modified_gmt":"2024-01-03T10:51:43","slug":"decoracion","status":"publish","type":"page","link":"https:\/\/hizerstudio.com\/eus\/decoracion\/","title":{"rendered":"Dekorazioa"},"content":{"rendered":"<style>.elementor-23 .elementor-element.elementor-element-e391c27:not(.elementor-motion-effects-element-type-background), .elementor-23 .elementor-element.elementor-element-e391c27 > .elementor-motion-effects-container > .elementor-motion-effects-layer{background-image:url(\"https:\/\/hizerstudio.com\/wp-content\/uploads\/2024\/01\/red-decorations-in-living-room-design.jpg\");background-position:center center;background-repeat:no-repeat;background-size:cover;}.elementor-23 .elementor-element.elementor-element-e391c27 > .elementor-background-overlay{opacity:0.5;transition:background 0.3s, border-radius 0.3s, opacity 0.3s;}.elementor-23 .elementor-element.elementor-element-e391c27{transition:background 0.3s, border 0.3s, border-radius 0.3s, box-shadow 0.3s;padding:35em 01em 9em 1em;}.elementor-bc-flex-widget .elementor-23 .elementor-element.elementor-element-b5ab0c5.elementor-column .elementor-widget-wrap{align-items:center;}.elementor-23 .elementor-element.elementor-element-b5ab0c5.elementor-column.elementor-element[data-element_type=\"column\"] > .elementor-widget-wrap.elementor-element-populated{align-content:center;align-items:center;}.elementor-23 .elementor-element.elementor-element-b5ab0c5.elementor-column > .elementor-widget-wrap{justify-content:center;}.elementor-23 .elementor-element.elementor-element-b5ab0c5 > .elementor-element-populated{margin:0px 0px 0px 0px;--e-column-margin-right:0px;--e-column-margin-left:0px;padding:122px 0px 117px 0px;}.elementor-23 .elementor-element.elementor-element-aefe515{margin-top:0px;margin-bottom:0px;padding:90px 0px 0px 47px;}.elementor-23 .elementor-element.elementor-element-b18195c > .elementor-element-populated{margin:-8px 0px 0px 0px;--e-column-margin-right:0px;--e-column-margin-left:0px;padding:0px 40px 0px 70px;}.elementor-23 .elementor-element.elementor-element-c6ae3bb{text-align:justify;}.elementor-23 .elementor-element.elementor-element-c6ae3bb .elementor-heading-title{font-family:\"Anton\", Sans-serif;font-size:45px;color:var( --e-global-color-4d37175 );}.elementor-23 .elementor-element.elementor-element-c6ae3bb > .elementor-widget-container{margin:0px 0px 0px 0px;padding:0px 0px 0px 0px;}.elementor-23 .elementor-element.elementor-element-42bd246{text-align:justify;font-family:var( --e-global-typography-text-font-family ), Sans-serif;font-weight:var( --e-global-typography-text-font-weight );}.elementor-23 .elementor-element.elementor-element-42bd246 > .elementor-widget-container{margin:0px 0px 0px 0px;padding:0px 0px 0px 0px;}.elementor-23 .elementor-element.elementor-element-9453482 > .elementor-element-populated{margin:0px 0px 0px 0px;--e-column-margin-right:0px;--e-column-margin-left:0px;padding:0px 0px 0px 0px;}.elementor-23 .elementor-element.elementor-element-c3dccc2{text-align:start;}.elementor-23 .elementor-element.elementor-element-c3dccc2.elementor-element{--flex-grow:0;--flex-shrink:0;}.elementor-23 .elementor-element.elementor-element-f7657b1 > .elementor-container{max-width:800px;}.elementor-23 .elementor-element.elementor-element-f7657b1:not(.elementor-motion-effects-element-type-background), .elementor-23 .elementor-element.elementor-element-f7657b1 > .elementor-motion-effects-container > .elementor-motion-effects-layer{background-image:url(\"https:\/\/hizerstudio.com\/wp-content\/uploads\/2024\/01\/image-25.jpg\");background-position:center center;background-repeat:no-repeat;background-size:cover;}.elementor-23 .elementor-element.elementor-element-f7657b1 > .elementor-background-overlay{background-color:var( --e-global-color-b514210 );opacity:0.5;transition:background 0.3s, border-radius 0.3s, opacity 0.3s;}.elementor-23 .elementor-element.elementor-element-f7657b1{transition:background 0.3s, border 0.3s, border-radius 0.3s, box-shadow 0.3s;margin-top:40px;margin-bottom:0px;padding:80px 0px 80px 20px;}.elementor-23 .elementor-element.elementor-element-2f2c52c > .elementor-element-populated{margin:0px 0px 0px 0px;--e-column-margin-right:0px;--e-column-margin-left:0px;padding:0px 0px 0px 0px;}.elementor-23 .elementor-element.elementor-element-8ee9f6a{text-align:center;font-family:\"Anton\", Sans-serif;font-size:43px;color:var( --e-global-color-0f62a0e );}.elementor-23 .elementor-element.elementor-element-8ee9f6a > .elementor-widget-container{margin:0px 0px 0px 0px;padding:0px 0px 0px 0px;}.elementor-23 .elementor-element.elementor-element-66124b8 .elementor-button{background-color:var( --e-global-color-4d37175 );border-radius:15px 0px 15px 0px;}.elementor-23 .elementor-element.elementor-element-66124b8 .elementor-button:hover, .elementor-23 .elementor-element.elementor-element-66124b8 .elementor-button:focus{color:var( --e-global-color-0f62a0e );background-color:var( --e-global-color-b514210 );}.elementor-23 .elementor-element.elementor-element-66124b8 .elementor-button:hover svg, .elementor-23 .elementor-element.elementor-element-66124b8 .elementor-button:focus svg{fill:var( --e-global-color-0f62a0e );}@media(max-width:1024px) and (min-width:768px){.elementor-23 .elementor-element.elementor-element-b18195c{width:100%;}.elementor-23 .elementor-element.elementor-element-9453482{width:100%;}}@media(max-width:1024px){.elementor-23 .elementor-element.elementor-element-e391c27:not(.elementor-motion-effects-element-type-background), .elementor-23 .elementor-element.elementor-element-e391c27 > .elementor-motion-effects-container > .elementor-motion-effects-layer{background-position:0px 0px;}.elementor-23 .elementor-element.elementor-element-aefe515{padding:0em 1em 1em 1em;}.elementor-23 .elementor-element.elementor-element-b18195c > .elementor-element-populated{margin:30px 0px 0px 0px;--e-column-margin-right:0px;--e-column-margin-left:0px;padding:0px 0px 0px 0px;}.elementor-23 .elementor-element.elementor-element-42bd246 > .elementor-widget-container{padding:0px 0px 0px 0px;}.elementor-23 .elementor-element.elementor-element-c3dccc2 img{width:100%;max-width:100%;}.elementor-23 .elementor-element.elementor-element-c3dccc2{width:var( --container-widget-width, 724.938px );max-width:724.938px;--container-widget-width:724.938px;--container-widget-flex-grow:0;}.elementor-23 .elementor-element.elementor-element-f7657b1{padding:3em 1em 5em 1em;}.elementor-23 .elementor-element.elementor-element-8ee9f6a > .elementor-widget-container{padding:0px 0px 0px 0px;}}@media(max-width:767px){.elementor-23 .elementor-element.elementor-element-e391c27:not(.elementor-motion-effects-element-type-background), .elementor-23 .elementor-element.elementor-element-e391c27 > .elementor-motion-effects-container > .elementor-motion-effects-layer{background-position:0px 0px;}.elementor-23 .elementor-element.elementor-element-e391c27{padding:10em 0em 6em 0em;}.elementor-23 .elementor-element.elementor-element-c3dccc2{width:var( --container-widget-width, 314.931px );max-width:314.931px;--container-widget-width:314.931px;--container-widget-flex-grow:0;}.elementor-23 .elementor-element.elementor-element-f7657b1{padding:0em 0em 2em 0em;}.elementor-23 .elementor-element.elementor-element-8ee9f6a{font-size:30px;}.elementor-23 .elementor-element.elementor-element-8ee9f6a > .elementor-widget-container{margin:20px 20px 20px 20px;}}<\/style>\t\t<div data-elementor-type=\"wp-page\" data-elementor-id=\"23\" class=\"elementor elementor-23\" data-elementor-post-type=\"page\">\n\t\t\t\t\t\t<section class=\"elementor-section elementor-top-section elementor-element elementor-element-e391c27 elementor-section-boxed elementor-section-height-default elementor-section-height-default\" data-id=\"e391c27\" data-element_type=\"section\" data-e-type=\"section\" data-settings=\"{&quot;background_background&quot;:&quot;classic&quot;}\">\n\t\t\t\t\t\t\t<div class=\"elementor-background-overlay\"><\/div>\n\t\t\t\t\t\t\t<div class=\"elementor-container elementor-column-gap-default\">\n\t\t\t\t\t<div class=\"elementor-column elementor-col-100 elementor-top-column elementor-element elementor-element-b5ab0c5\" data-id=\"b5ab0c5\" data-element_type=\"column\" data-e-type=\"column\">\n\t\t\t<div class=\"elementor-widget-wrap\">\n\t\t\t\t\t\t\t<\/div>\n\t\t<\/div>\n\t\t\t\t\t<\/div>\n\t\t<\/section>\n\t\t\t\t<section class=\"elementor-section elementor-top-section elementor-element elementor-element-aefe515 elementor-section-boxed elementor-section-height-default elementor-section-height-default\" data-id=\"aefe515\" data-element_type=\"section\" data-e-type=\"section\">\n\t\t\t\t\t\t<div class=\"elementor-container elementor-column-gap-default\">\n\t\t\t\t\t<div class=\"elementor-column elementor-col-50 elementor-top-column elementor-element elementor-element-b18195c\" data-id=\"b18195c\" data-element_type=\"column\" data-e-type=\"column\">\n\t\t\t<div class=\"elementor-widget-wrap elementor-element-populated\">\n\t\t\t\t\t\t<div class=\"elementor-element elementor-element-c6ae3bb elementor-widget elementor-widget-heading\" data-id=\"c6ae3bb\" data-element_type=\"widget\" data-e-type=\"widget\" data-widget_type=\"heading.default\">\n\t\t\t\t<div class=\"elementor-widget-container\">\n\t\t\t\t\t<h3 class=\"elementor-heading-title elementor-size-default\">Decoraci\u00f3n<\/h3>\t\t\t\t<\/div>\n\t\t\t\t<\/div>\n\t\t\t\t<div class=\"elementor-element elementor-element-42bd246 elementor-widget elementor-widget-text-editor\" data-id=\"42bd246\" data-element_type=\"widget\" data-e-type=\"widget\" data-widget_type=\"text-editor.default\">\n\t\t\t\t<div class=\"elementor-widget-container\">\n\t\t\t\t\t\t\t\t\t<p>En HIZER STUDIO nos enorgullece ofrecer la m\u00e1xima calidad en cada proyecto de nuestro portafolio. Entendemos que cada proyecto requiere de un enfoque adecuado y ponemos \u00e9nfasis en los detalles, lo que se traduce en resultados \u00fanicos y excepcionales que dan personalidad a cada proyecto.<\/p><p>Nuestro compromiso de dedicar a cada proyecto el tiempo, la creatividad y la atenci\u00f3n que se merece es lo que nos distingue. Nos esforzamos por crear espacios funcionales y c\u00f3modos que logren el equilibrio perfecto entre los aspectos emocionales y pr\u00e1cticos del dise\u00f1o, al tiempo que integramos las soluciones t\u00e9cnicas y est\u00e9ticas m\u00e1s innovadoras.<\/p><p>M\u00e1s all\u00e1 de simplemente crear un espacio, estamos contigo en cada paso del camino desde la ideaci\u00f3n hasta la implementaci\u00f3n, integrando los procesos creativos y de construcci\u00f3n, gui\u00e1ndote a trav\u00e9s de las formalidades necesarias y aconsej\u00e1ndote sobre las mejores soluciones t\u00e9cnicas y est\u00e9ticas, materiales y acabados, muebles y accesorios para crear un espacio \u00fanico y especial para ti.<\/p>\t\t\t\t\t\t\t\t<\/div>\n\t\t\t\t<\/div>\n\t\t\t\t\t<\/div>\n\t\t<\/div>\n\t\t\t\t<div class=\"elementor-column elementor-col-50 elementor-top-column elementor-element elementor-element-9453482 animated-slow elementor-invisible\" data-id=\"9453482\" data-element_type=\"column\" data-e-type=\"column\" data-settings=\"{&quot;animation&quot;:&quot;fadeInLeft&quot;}\">\n\t\t\t<div class=\"elementor-widget-wrap elementor-element-populated\">\n\t\t\t\t\t\t<div class=\"elementor-element elementor-element-c3dccc2 elementor-widget-tablet__width-initial elementor-widget-mobile__width-initial elementor-widget elementor-widget-image\" data-id=\"c3dccc2\" data-element_type=\"widget\" data-e-type=\"widget\" data-widget_type=\"image.default\">\n\t\t\t\t<div class=\"elementor-widget-container\">\n\t\t\t\t\t\t\t\t\t\t\t\t\t\t\t<img fetchpriority=\"high\" decoding=\"async\" width=\"800\" height=\"800\" src=\"https:\/\/hizerstudio.com\/wp-content\/uploads\/2024\/01\/IMG-20190524-WA0011.jpg\" class=\"attachment-large size-large wp-image-570\" alt=\"\" srcset=\"https:\/\/hizerstudio.com\/wp-content\/uploads\/2024\/01\/IMG-20190524-WA0011.jpg 960w, https:\/\/hizerstudio.com\/wp-content\/uploads\/2024\/01\/IMG-20190524-WA0011-300x300.jpg 300w, https:\/\/hizerstudio.com\/wp-content\/uploads\/2024\/01\/IMG-20190524-WA0011-150x150.jpg 150w, https:\/\/hizerstudio.com\/wp-content\/uploads\/2024\/01\/IMG-20190524-WA0011-768x768.jpg 768w, https:\/\/hizerstudio.com\/wp-content\/uploads\/2024\/01\/IMG-20190524-WA0011-12x12.jpg 12w\" sizes=\"(max-width: 800px) 100vw, 800px\" \/>\t\t\t\t\t\t\t\t\t\t\t\t\t\t\t<\/div>\n\t\t\t\t<\/div>\n\t\t\t\t\t<\/div>\n\t\t<\/div>\n\t\t\t\t\t<\/div>\n\t\t<\/section>\n\t\t\t\t<section class=\"elementor-section elementor-top-section elementor-element elementor-element-f7657b1 elementor-section-boxed elementor-section-height-default elementor-section-height-default\" data-id=\"f7657b1\" data-element_type=\"section\" data-e-type=\"section\" data-settings=\"{&quot;background_background&quot;:&quot;classic&quot;}\">\n\t\t\t\t\t\t\t<div class=\"elementor-background-overlay\"><\/div>\n\t\t\t\t\t\t\t<div class=\"elementor-container elementor-column-gap-default\">\n\t\t\t\t\t<div class=\"elementor-column elementor-col-100 elementor-top-column elementor-element elementor-element-2f2c52c\" data-id=\"2f2c52c\" data-element_type=\"column\" data-e-type=\"column\">\n\t\t\t<div class=\"elementor-widget-wrap elementor-element-populated\">\n\t\t\t\t\t\t<div class=\"elementor-element elementor-element-8ee9f6a elementor-widget elementor-widget-text-editor\" data-id=\"8ee9f6a\" data-element_type=\"widget\" data-e-type=\"widget\" data-widget_type=\"text-editor.default\">\n\t\t\t\t<div class=\"elementor-widget-container\">\n\t\t\t\t\t\t\t\t\t<p>Estaremos encantados de ayudarle.<\/p>\t\t\t\t\t\t\t\t<\/div>\n\t\t\t\t<\/div>\n\t\t\t\t<div class=\"elementor-element elementor-element-66124b8 elementor-align-center elementor-widget elementor-widget-button\" data-id=\"66124b8\" data-element_type=\"widget\" data-e-type=\"widget\" data-widget_type=\"button.default\">\n\t\t\t\t<div class=\"elementor-widget-container\">\n\t\t\t\t\t\t\t\t\t<div class=\"elementor-button-wrapper\">\n\t\t\t\t\t<a class=\"elementor-button elementor-button-link elementor-size-sm\" href=\"https:\/\/hizerstudio.com\/metform-form\/new-form-1704196369\/\">\n\t\t\t\t\t\t<span class=\"elementor-button-content-wrapper\">\n\t\t\t\t\t\t\t\t\t<span class=\"elementor-button-text\">Obtener presupuesto<\/span>\n\t\t\t\t\t<\/span>\n\t\t\t\t\t<\/a>\n\t\t\t\t<\/div>\n\t\t\t\t\t\t\t\t<\/div>\n\t\t\t\t<\/div>\n\t\t\t\t\t<\/div>\n\t\t<\/div>\n\t\t\t\t\t<\/div>\n\t\t<\/section>\n\t\t\t\t<\/div>\n\t\t","protected":false},"excerpt":{"rendered":"<p>Decoraci\u00f3n En HIZER STUDIO nos enorgullece ofrecer la m\u00e1xima calidad en cada proyecto de nuestro portafolio. Entendemos que cada proyecto requiere de un enfoque adecuado y ponemos \u00e9nfasis en los detalles, lo que se traduce en resultados \u00fanicos y excepcionales que dan personalidad a cada proyecto. Nuestro compromiso de dedicar a cada proyecto el tiempo, [&hellip;]<\/p>\n","protected":false},"author":1,"featured_media":0,"parent":0,"menu_order":0,"comment_status":"closed","ping_status":"closed","template":"elementor_canvas","meta":{"footnotes":""},"class_list":["post-23","page","type-page","status-publish","hentry"],"yoast_head":"<!-- This site is optimized with the Yoast SEO plugin v27.3 - https:\/\/yoast.com\/product\/yoast-seo-wordpress\/ -->\n<title>Decoraci\u00f3n - Hizer Studio<\/title>\n<meta name=\"robots\" content=\"index, follow, max-snippet:-1, max-image-preview:large, max-video-preview:-1\" \/>\n<link rel=\"canonical\" href=\"https:\/\/hizerstudio.com\/eus\/decoracion\/\" \/>\n<meta property=\"og:locale\" content=\"en_US\" \/>\n<meta property=\"og:type\" content=\"article\" \/>\n<meta property=\"og:title\" content=\"Decoraci\u00f3n - Hizer Studio\" \/>\n<meta property=\"og:description\" content=\"Decoraci\u00f3n En HIZER STUDIO nos enorgullece ofrecer la m\u00e1xima calidad en cada proyecto de nuestro portafolio. Entendemos que cada proyecto requiere de un enfoque adecuado y ponemos \u00e9nfasis en los detalles, lo que se traduce en resultados \u00fanicos y excepcionales que dan personalidad a cada proyecto. Nuestro compromiso de dedicar a cada proyecto el tiempo, [&hellip;]\" \/>\n<meta property=\"og:url\" content=\"https:\/\/hizerstudio.com\/eus\/decoracion\/\" \/>\n<meta property=\"og:site_name\" content=\"Hizer Studio\" \/>\n<meta property=\"article:modified_time\" content=\"2024-01-03T10:51:43+00:00\" \/>\n<meta property=\"og:image\" content=\"https:\/\/hizerstudio.com\/wp-content\/uploads\/2024\/01\/IMG-20190524-WA0011.jpg\" \/>\n<meta name=\"twitter:card\" content=\"summary_large_image\" \/>\n<meta name=\"twitter:label1\" content=\"Est. reading time\" \/>\n\t<meta name=\"twitter:data1\" content=\"1 minutua\" \/>\n<script type=\"application\/ld+json\" class=\"yoast-schema-graph\">{\"@context\":\"https:\\\/\\\/schema.org\",\"@graph\":[{\"@type\":\"WebPage\",\"@id\":\"https:\\\/\\\/hizerstudio.com\\\/decoracion\\\/\",\"url\":\"https:\\\/\\\/hizerstudio.com\\\/decoracion\\\/\",\"name\":\"Decoraci\u00f3n - Hizer Studio\",\"isPartOf\":{\"@id\":\"https:\\\/\\\/hizerstudio.com\\\/#website\"},\"primaryImageOfPage\":{\"@id\":\"https:\\\/\\\/hizerstudio.com\\\/decoracion\\\/#primaryimage\"},\"image\":{\"@id\":\"https:\\\/\\\/hizerstudio.com\\\/decoracion\\\/#primaryimage\"},\"thumbnailUrl\":\"https:\\\/\\\/hizerstudio.com\\\/wp-content\\\/uploads\\\/2024\\\/01\\\/IMG-20190524-WA0011.jpg\",\"datePublished\":\"2023-12-29T15:29:48+00:00\",\"dateModified\":\"2024-01-03T10:51:43+00:00\",\"breadcrumb\":{\"@id\":\"https:\\\/\\\/hizerstudio.com\\\/decoracion\\\/#breadcrumb\"},\"inLanguage\":\"eu\",\"potentialAction\":[{\"@type\":\"ReadAction\",\"target\":[\"https:\\\/\\\/hizerstudio.com\\\/decoracion\\\/\"]}]},{\"@type\":\"ImageObject\",\"inLanguage\":\"eu\",\"@id\":\"https:\\\/\\\/hizerstudio.com\\\/decoracion\\\/#primaryimage\",\"url\":\"https:\\\/\\\/hizerstudio.com\\\/wp-content\\\/uploads\\\/2024\\\/01\\\/IMG-20190524-WA0011.jpg\",\"contentUrl\":\"https:\\\/\\\/hizerstudio.com\\\/wp-content\\\/uploads\\\/2024\\\/01\\\/IMG-20190524-WA0011.jpg\"},{\"@type\":\"BreadcrumbList\",\"@id\":\"https:\\\/\\\/hizerstudio.com\\\/decoracion\\\/#breadcrumb\",\"itemListElement\":[{\"@type\":\"ListItem\",\"position\":1,\"name\":\"Portada\",\"item\":\"https:\\\/\\\/hizerstudio.com\\\/\"},{\"@type\":\"ListItem\",\"position\":2,\"name\":\"Decoraci\u00f3n\"}]},{\"@type\":\"WebSite\",\"@id\":\"https:\\\/\\\/hizerstudio.com\\\/#website\",\"url\":\"https:\\\/\\\/hizerstudio.com\\\/\",\"name\":\"Hizer Studio\",\"description\":\"Construcci\u00f3n, dise\u00f1o y decoraci\u00f3n\",\"potentialAction\":[{\"@type\":\"SearchAction\",\"target\":{\"@type\":\"EntryPoint\",\"urlTemplate\":\"https:\\\/\\\/hizerstudio.com\\\/?s={search_term_string}\"},\"query-input\":{\"@type\":\"PropertyValueSpecification\",\"valueRequired\":true,\"valueName\":\"search_term_string\"}}],\"inLanguage\":\"eu\"}]}<\/script>\n<!-- \/ Yoast SEO plugin. -->","yoast_head_json":{"title":"Decoraci\u00f3n - Hizer Studio","robots":{"index":"index","follow":"follow","max-snippet":"max-snippet:-1","max-image-preview":"max-image-preview:large","max-video-preview":"max-video-preview:-1"},"canonical":"https:\/\/hizerstudio.com\/eus\/decoracion\/","og_locale":"en_US","og_type":"article","og_title":"Decoraci\u00f3n - Hizer Studio","og_description":"Decoraci\u00f3n En HIZER STUDIO nos enorgullece ofrecer la m\u00e1xima calidad en cada proyecto de nuestro portafolio. Entendemos que cada proyecto requiere de un enfoque adecuado y ponemos \u00e9nfasis en los detalles, lo que se traduce en resultados \u00fanicos y excepcionales que dan personalidad a cada proyecto. Nuestro compromiso de dedicar a cada proyecto el tiempo, [&hellip;]","og_url":"https:\/\/hizerstudio.com\/eus\/decoracion\/","og_site_name":"Hizer Studio","article_modified_time":"2024-01-03T10:51:43+00:00","og_image":[{"url":"https:\/\/hizerstudio.com\/wp-content\/uploads\/2024\/01\/IMG-20190524-WA0011.jpg","type":"","width":"","height":""}],"twitter_card":"summary_large_image","twitter_misc":{"Est. reading time":"1 minutua"},"schema":{"@context":"https:\/\/schema.org","@graph":[{"@type":"WebPage","@id":"https:\/\/hizerstudio.com\/decoracion\/","url":"https:\/\/hizerstudio.com\/decoracion\/","name":"Decoraci\u00f3n - Hizer Studio","isPartOf":{"@id":"https:\/\/hizerstudio.com\/#website"},"primaryImageOfPage":{"@id":"https:\/\/hizerstudio.com\/decoracion\/#primaryimage"},"image":{"@id":"https:\/\/hizerstudio.com\/decoracion\/#primaryimage"},"thumbnailUrl":"https:\/\/hizerstudio.com\/wp-content\/uploads\/2024\/01\/IMG-20190524-WA0011.jpg","datePublished":"2023-12-29T15:29:48+00:00","dateModified":"2024-01-03T10:51:43+00:00","breadcrumb":{"@id":"https:\/\/hizerstudio.com\/decoracion\/#breadcrumb"},"inLanguage":"eu","potentialAction":[{"@type":"ReadAction","target":["https:\/\/hizerstudio.com\/decoracion\/"]}]},{"@type":"ImageObject","inLanguage":"eu","@id":"https:\/\/hizerstudio.com\/decoracion\/#primaryimage","url":"https:\/\/hizerstudio.com\/wp-content\/uploads\/2024\/01\/IMG-20190524-WA0011.jpg","contentUrl":"https:\/\/hizerstudio.com\/wp-content\/uploads\/2024\/01\/IMG-20190524-WA0011.jpg"},{"@type":"BreadcrumbList","@id":"https:\/\/hizerstudio.com\/decoracion\/#breadcrumb","itemListElement":[{"@type":"ListItem","position":1,"name":"Portada","item":"https:\/\/hizerstudio.com\/"},{"@type":"ListItem","position":2,"name":"Decoraci\u00f3n"}]},{"@type":"WebSite","@id":"https:\/\/hizerstudio.com\/#website","url":"https:\/\/hizerstudio.com\/","name":"Hizer Studio","description":"Construcci\u00f3n, dise\u00f1o y decoraci\u00f3n","potentialAction":[{"@type":"SearchAction","target":{"@type":"EntryPoint","urlTemplate":"https:\/\/hizerstudio.com\/?s={search_term_string}"},"query-input":{"@type":"PropertyValueSpecification","valueRequired":true,"valueName":"search_term_string"}}],"inLanguage":"eu"}]}},"_links":{"self":[{"href":"https:\/\/hizerstudio.com\/eus\/wp-json\/wp\/v2\/pages\/23","targetHints":{"allow":["GET"]}}],"collection":[{"href":"https:\/\/hizerstudio.com\/eus\/wp-json\/wp\/v2\/pages"}],"about":[{"href":"https:\/\/hizerstudio.com\/eus\/wp-json\/wp\/v2\/types\/page"}],"author":[{"embeddable":true,"href":"https:\/\/hizerstudio.com\/eus\/wp-json\/wp\/v2\/users\/1"}],"replies":[{"embeddable":true,"href":"https:\/\/hizerstudio.com\/eus\/wp-json\/wp\/v2\/comments?post=23"}],"version-history":[{"count":16,"href":"https:\/\/hizerstudio.com\/eus\/wp-json\/wp\/v2\/pages\/23\/revisions"}],"predecessor-version":[{"id":879,"href":"https:\/\/hizerstudio.com\/eus\/wp-json\/wp\/v2\/pages\/23\/revisions\/879"}],"wp:attachment":[{"href":"https:\/\/hizerstudio.com\/eus\/wp-json\/wp\/v2\/media?parent=23"}],"curies":[{"name":"wp","href":"https:\/\/api.w.org\/{rel}","templated":true}]}}